ctors of 68179623.
3, 181, 241, 521
List the prime factors of 533178270.
2, 3, 5, 5924203
List the prime factors of 721429517.
721429517
What are the prime factors of 53027066?
2, 2557, 10369
What are the prime factors of 1903116172?
2, 475779043
What are the prime factors of 68144873?
173, 393901
What are the prime factors of 3381280884?
2, 3, 93924469
List the prime factors of 57051234.
2, 3, 631, 5023
What are the prime factors of 92916253?
92916253
List the prime factors of 5282594535.
3, 5, 17, 53, 390869
List the prime factors of 929842675.
5, 31, 599, 2003
List the prime factors of 1302754215.
3, 5, 7, 3329, 3727
List the prime factors of 67925631.
3, 101, 224177
What are the prime factors of 1149200492?
2, 11, 26118193
What are the prime factors of 7805729?
7805729
List the prime factors of 4887857984.
2, 149, 512569
List the prime factors of 7919850.
2, 3, 5, 37, 1427
What are the prime factors of 181884889?
71, 2561759
List the prime factors of 193166232.
2, 3, 7, 83, 1979
List the prime factors of 994764587.
1373, 724519
What are the prime factors of 56191239?
3, 13, 17, 43, 73
List the prime factors of 262003901.
19, 13789679
List the prime factors of 101199676.
2, 29, 872411
List the prime factors of 67581499.
19, 37, 251, 383
What are the prime factors of 77132170?
2, 5, 29, 47, 5659
List the prime factors of 500394790.
2, 5, 7, 7148497
What are the prime factors of 1305526599?
3, 13, 127, 29287
What are the prime factors of 39472933?
109, 362137
What are the prime factors of 582126495?
3, 5, 17, 2282849
List the prime factors of 1306183216.
2, 13, 173, 36299
What are the prime factors of 1301416636?
2, 13, 23, 179, 6079
What are the prime factors of 1124370142?
2, 7, 41, 1958833
List the prime factors of 73446772.
2, 7, 2623099
What are the prime factors of 38114489?
7, 5444927
List the prime factors of 189855865.
5, 37971173
What are the prime factors of 15599472?
2, 3, 7, 17, 2731
What are the prime factors of 49733387?
11, 4521217
List the prime factors of 225394413.
3, 181, 443, 937
What are the prime factors of 274493666?
2, 331, 414643
List the prime factors of 67882318.
2, 7, 139, 34883
What are the prime factors of 51891279?
3, 11, 37, 42499
List the prime factors of 975946377.
3, 7, 1033, 6427
List the prime factors of 71938574.
2, 359, 100193
List the prime factors of 2906539.
2906539
List the prime factors of 5355465122.
2, 7, 809, 472847
List the prime factors of 183031393.
59, 3102227
List the prime factors of 2080659.
3, 7, 99079
List the prime factors of 222539296.
2, 7, 993479
List the prime factors of 446971494.
2, 3, 1571, 47419
What are the prime factors of 409691944?
2, 191, 268123
List the prime factors of 138402567.
3, 5126021
What are the prime factors of 333331428?
2, 3, 601, 46219
List the prime factors of 462026824.
2, 7, 8250479
List the prime factors of 1618899914.
2, 809449957
What are the prime factors of 14047800?
2, 3, 5, 13, 1801
List the prime factors of 166165762.
2, 7, 67, 25307
What are the prime factors of 1968851984?
2, 11, 101, 10069
What are the prime factors of 117889231?
571, 206461
What are the prime factors of 1133651274?
2, 3, 7, 223, 121039
List the prime factors of 1748328345.
3, 5, 38851741
What are the prime factors of 44077483?
44077483
List the prime factors of 99321377.
99321377
List the prime factors of 368000658.
2, 3, 252401
What are the prime factors of 241393773?
3, 41, 1962551
List the prime factors of 68455600.
2, 5, 17, 10067
List the prime factors of 1315021091.
811, 1621481
What are the prime factors of 481877015?
5, 73, 1320211
List the prime factors of 142307147.
29, 4907143
What are the prime factors of 143454644?
2, 2683, 13367
What are the prime factors of 978715527?
3, 23, 37, 523, 733
What are the prime factors of 3623428883?
5717, 633799
List the prime factors of 104420754.
2, 3, 2089, 2777
List the prime factors of 1851988824.
2, 3, 7, 19, 37, 5227
What are the prime factors of 26432614?
2, 13, 78203
List the prime factors of 200162420.
2, 5, 17, 43, 13691
What are the prime factors of 152550368?
2, 127, 37537
List the prime factors of 1088897498.
2, 13, 17, 2463569
What are the prime factors of 1650325749?
3, 550108583
What are the prime factors of 281931329?
19, 31, 73, 79, 83
What are the prime factors of 1229693833?
31, 43, 73, 12637
What are the prime factors of 150501626?
2, 11, 6840983
What are the prime factors of 4190995638?
2, 3, 151, 1541941
List the prime factors of 68841224.
2, 8605153
What are the prime factors of 1985401343?
41, 61, 793843
List the prime factors of 57939077.
7, 17, 37, 13159
What are the prime factors of 2752862301?
3, 7, 179, 81371
What are the prime factors of 1132418483?
7, 41, 167, 23627
What are the prime factors of 118670204?
2, 29, 1023019
List the prime factors of 4332065492.
2, 137, 7905229
List the prime factors of 618386822.
2, 31, 9973981
List the prime factors of 306645514.
2, 7, 21903251
What are the prime factors of 41288639?
7, 79, 197, 379
List the prime factors of 417510.
2, 3, 5, 4639
What are the prime factors of 303289089?
3, 31, 3261173
What are the prime factors of 1488978184?
2, 17, 53, 251, 823
List the prime factors of 1222917264.
2, 3, 31, 61, 499
List the prime factors of 2019583556.
2, 83, 6083083
List the prime factors of 5571564614.
2, 7, 11, 163, 221957
List the prime factors of 100817840.
2, 5, 1260223
What are the prime factors of 54228863?
13, 4171451
What are the prime factors of 591164022?
2, 3, 37, 2662901
What are the prime factors of 525871701?
3, 23, 2540443
List the prime factors of 18958012.
2, 43, 110221
List the prime factors of 433408073.
7, 61915439
What are the prime factors of 352426287?
3, 131, 641, 1399
What are the prime factors of 1674972686?
2, 137, 6113039
List the prime factors of 589354454.
2, 13, 31, 731209
What are the prime factors of 3073784576?
2, 12006971
List the prime factors of 33907865.
5, 23, 43, 6857
What are the prime factors of 35136467?
17, 41, 50411
What are the prime factors of 64157054?
2, 13, 2467579
List the prime factors of 4317454378.
2, 2158727189
List the prime factors of 274522878.
2, 3, 7, 113, 6427
What are the prime factors of 39506846?
2, 593, 33311
List the prime factors of 3981786415.
5, 796357283
What are the prime factors of 1714635874?
2, 7, 227, 539533
List the prime factors of 2819487241.
1399, 2015359
List the prime factors of 78496358.
2, 139, 373, 757
What are the prime factors of 57516648?
2, 3, 7, 19, 37, 487
What are the prime factors of 100299518?
2, 11, 19, 73, 173
List the prime factors of 3866265.
3, 5, 13, 2203
What are the prime factors of 2068303146?
2, 3, 7, 13, 223, 16987
What are the prime factors of 674299543?
17, 239, 165961
What are the prime factors of 222922394?
2, 17, 23, 89, 3203
List the prime factors of 360642249.
3, 11, 19, 10091
List the prime factors of 80444541.
3, 1151, 23297
List the prime factors of 330703990.
2, 5, 33070399
What are the prime factors of 55456434?
2, 3, 11, 89, 1049
List the prime factors of 158299149.
3, 47, 23887
List the prime factors of 4131725.
5, 13, 12713
What are the prime factors of 400050387?
3, 11, 1346971
What are the prime factors of 115151393?
7, 277, 59387
What are the prime factors of 86436104?
2, 701, 15413
What are the prime factors of 139765203?
3, 5176489
List the prime factors of 1925550264.
2, 3, 11, 349, 20899
List the prime factors of 269483143.
269483143
List the prime factors of 24546811.
24546811
List the prime factors of 1104813639.
3, 61, 193, 10427
List the prime factors of 52126584.
2, 3, 2171941
List the prime factors of 455486073.
3, 7, 857, 25309
List the prime factors of 99171728.
2, 31, 179, 1117
List the prime factors of 726297581.
233, 1277, 2441
List the prime factors of 196442723.
29, 139, 48733
What are the prime factors of 1029676633?
19, 53, 1022519
What are the prime factors of 1259222267?
139, 9059153
List the prime factors of 445528789.
3709, 120121
What are the prime factors of 22597276?
2, 13, 434563
List the prime factors of 854258.
2, 101, 4229
List the prime factors of 3200453790.
2, 3, 5, 106681793
List the prime factors of 28612922.
2, 13, 83, 13259
What are the prime factors of 74049917?
31, 113, 21139
What are the prime factors 